, v - a = -3*a + 9. Suppose -5*b + 5*j + 196 = -74, v*j + 15 = 0. What is the units digit of b?
1
Let n = -3 + -8. Let q = n - -9. Let y = q + 8. What is the units digit of y?
6
Suppose -51 + 17 = -2*x. What is the units digit of x?
7
What is the tens digit of ((-30)/(-4))/((-5)/(-30))?
4
Let z be (-4)/6*(-30)/4. Suppose -3*s - 8 = -z*k, 2*s - 4*s - 4 = -2*k. What is the units digit of k/((-2)/(-4)) + 1?
3
Let x(b) = b**3 - b + 1. Let g(p) = 7*p**3 - 10*p**2 + p + 1. Let k(n) = -g(n) + 6*x(n). What is the tens digit of k(9)?
2
Let v(d) = d**3 - 8*d**2 + 4*d + 8. What is the tens digit of v(8)?
4
Let l(f) = 2*f**2 - 3*f + 3 - 3. Suppose 4*i = 18 - 6. What is the units digit of l(i)?
9
Let w = 6 - 4. Suppose 2*f = 1 + 5. What is the units digit of (w/f)/(2/15)?
5
Let j = 91 + -49. What is the tens digit of j?
4
Let x(h) = 3*h**2 - 3*h - 4. What is the tens digit of x(-2)?
1
Let z(t) = -18*t - 6. What is the units digit of z(-3)?
8
Suppose -5*k - 32 - 133 = 0. Let b = 21 + -27. What is the tens digit of (-1)/((b/k)/(-2))?
1
Let t = 43 + -28. Suppose -t = -5*x + 5. Let y(j) = 2*j - 1. What is the units digit of y(x)?
7
Suppose -5*v + 0*v - 25 = 0, -4*v = z + 4. What is the units digit of z?
6
Let x(r) = r**2 + 4*r + 2. Let h be x(-2). Let n(u) = -97*u**3 + u**2 + u - 1. Let d be n(1). What is the units digit of h/5 + d/(-15)?
6
What is the tens digit of (-4542)/(-27) - 5*4/90?
6
Let m = 5 + -14. Let w(b) = b**3 + 9*b**2 + 4. What is the units digit of w(m)?
4
Let s(x) = -7*x + 1. Let l(t) = -t. Let z(y) = -6*l(y) + s(y). What is the units digit of z(-6)?
7
Suppose 7 = 3*z + 31. Let q be ((-36)/(-2))/((-6)/z). Suppose q = 4*y - 2*t, 4*y = 4*t - 0*t + 20. What is the units digit of y?
7
Let z = -34 - -268. What is the hundreds digit of z?
2
Let d = 11 + -7. Suppose -3*l + d + 8 = 0. Suppose 0*y - 60 = -l*y. What is the tens digit of y?
1
Let q(a) = -a**3 - 5*a**2 - a - 3. Let s be q(-5). Suppose 3*y + s*r = -0*r + 68, -y + 5*r = 0. What is the units digit of y?
0
Suppose 3*v - 8 - 1 = 0. Suppose -2*k + 5*k = v. What is the units digit of k?
1
Let j = -3 - -2. Let p be (-1 - 4/1)*j. Suppose 4*m = p*v + 10 + 15, 2*m = -4*v + 32. What is the tens digit of m?
1
Let x(t) = t**2 + 9*t + 23. What is the units digit of x(-16)?
5
Let a = -5 - -8. Let d(r) = 0*r**3 + 4*r**2 - 3 + r**3 - 2*r**3. What is the units digit of d(a)?
6
Suppose -3*s + 2 = -37. What is the tens digit of s?
1
Let t(y) = 17*y**3 + y**2 - 1. Let s be t(1). Suppose 5*c - 18 - s = 0. What is the tens digit of (-300)/(-21) + (-2)/c?
1
Suppose 5*b - 130 = 4*r, -5*r - 35 + 10 = 0. What is the tens digit of b?
2
Let q be 6/27 + 14/18. Let f(l) = 12*l + 1. What is the units digit of f(q)?
3
Suppose -4*s - 5 = -13. Let u be (4/s)/((-4)/(-14)). Suppose 3*m = 14 + u. What is the units digit of m?
7
What is the units digit of (-130)/(-15) - (-2)/(-3)?
8
Let j = -59 + 87. What is the tens digit of j?
2
Suppose 10 + 6 = 2*q. Let p(f) = -4 - 9 - 7*f + f**2 - 7 + 21. What is the units digit of p(q)?
9
Suppose -4*c = -11*c + 497. What is the units digit of c?
1
Let m = 98 + -34. What is the units digit of m?
4
What is the tens digit of 14/147*-3 + 1731/7?
4
Let i = 23 + -44. Let w = i - -11. Let h = -5 - w. What is the units digit of h?
5
Let s be (1 + -21)/((-7)/7). Let v = s + -8. What is the tens digit of v?
1
Suppose 0 = -q - 2. What is the tens digit of (-120)/(-8) - q/(-1)?
1
Let r = 34 + 30. What is the units digit of r?
4
Suppose -6 = -w + 5. What is the tens digit of w?
1
Let s(t) = t**3 + 4*t**2 + 3. Let h be s(-4). Suppose -h*o + 63 = 3*d, 4*d - o + 3*o - 82 = 0. What is the tens digit of d?
2
Let p be (0 - 2)/(1/2). Let m be p/(-18) + (-35)/(-45). Let r = m - -8. What is the units digit of r?
9
Let n be (-335)/(-9) - 6/27. Let m = n + -12. What is the units digit of m?
5
Let d = -40 - -49. What is the units digit of d?
9
Suppose 3*o - 3*s + 21 - 93 = 0, -3*s + 96 = 4*o. Let i be (o/9)/(2/3). Suppose t + 6 = i*m, t = 2*m + 1 - 5. What is the units digit of m?
1
Suppose 222 = -x + 7*x. What is the tens digit of x?
3
Suppose -w = -3*i - 1, 4*w = -0*w - 2*i - 66. What is the units digit of (-18)/(-5) + w/(-35)?
4
Let o(a) = 4*a**2 + 4. Let t be o(-2). Let r = 54 - t. What is the tens digit of r?
3
Let h = -14 - -4. Let r = 20 + h. What is the tens digit of r?
1
Let f = 26 - -5. What is the tens digit of f?
3
Let q(i) = -10*i. Let b be q(6). Let d be (-11 - -4)*b/(-14). What is the units digit of ((-48)/d)/(2/5)?
4
Suppose -4*h + 3*h = -49. What is the tens digit of h?
4
Suppose -5*n + 225 = -0*n. What is the units digit of n?
5
Suppose -4*v + 16 + 4 = 0. Let r be 8*4 - (0 - -4). Suppose -g - r = -v*g. What is the units digit of g?
7
Suppose 3*f - 5*c + 39 = 0, 5*f - 4*c + 6 = -46. Let a = f - -13. What is the units digit of a?
5
Let u(i) = i**3 + 11*i**2 + 10*i - 2. Let d be (-16)/(-6)*(-15)/4. Let h be u(d). What is the units digit of 1/(((-2)/h)/1)?
1
Suppose -2*z = 3*z + 20. Let a be -3*(z/(-6) + -1). What is the units digit of 4*((-2 - -2) + a)?
4
Suppose 3*d + 2*w = 4, 5*d - 2*w + w + 15 = 0. Let p be d*3/6 - -11. Suppose 2*r = 7*r - p. What is the units digit of r?
2
Let t(f) = f**3 - 11*f**2 + f - 5. Let o = -11 + 22. What is the units digit of t(o)?
6
Let s = -19 - -12. Let k = s - -13. What is the units digit of k?
6
Let u = 24 - 1. What is the tens digit of u?
2
Suppose -3*q - 4*i + 346 = -q, 5*q - 823 = 4*i. What is the hundreds digit of q?
1
Suppose 2*u - 10 = 4. What is the units digit of u?
7
Suppose -4*d + 267 = -141. Suppose l - d = -2*l. What is the tens digit of l?
3
Let s be 6/(-30) + 816/5. Let g = s + -106. Suppose -4*w + 7*w - g = 0. What is the tens digit of w?
1
Let y be (-14)/4*(1 + -3). Suppose y*s = 2*s + 40. What is the units digit of s?
8
Let t(x) = x**3 - 7*x**2 - 8*x + 2. Let v be t(8). Let l be (-74)/9 + v/9. Let m = l - -15. What is the units digit of m?
7
Let x = -9 - -66. What is the units digit of x?
7
Let l be 2*40/(-1 + 3). Let r be (6/5)/((-12)/l). What is the units digit of (-20)/(-11) - r/22?
2
Let r(s) = 16*s + 1. What is the units digit of r(1)?
7
Let g be 1 + 1/(4/4). Suppose w - 63 = -g*w. What is the units digit of w?
1
Suppose 3*f = -4 + 1, -4*l + 5*f + 81 = 0. What is the tens digit of l?
1
Let q = -7 + 7. Suppose q = -2*r + 4*f + 42, -4*f - 1 + 5 = 0. Let i = -16 + r. What is the units digit of i?
7
Let h(z) = 18*z + 6. What is the hundreds digit of h(11)?
2
Suppose h = -4*d + d + 30, 0 = -h + d + 18. What is the units digit of h?
1
Let a be 1 - -3 - 0/(-1). Suppose -4*n = a - 64. What is the tens digit of n?
1
Let z = 12 + 2. What is the tens digit of (z/56)/((-1)/(-116))?
2
Suppose -82 = -5*k + 48. What is the tens digit of k?
2
What is the tens digit of (1612/(-8))/(2 + (-25)/10)?
0
Let l be 2/(-6)*-3 - -2. Suppose 0 - 6 = -l*i. Suppose -2*n + i = -n. What is the units digit of n?
2
Let z(d) be the second derivative of d**5/60 - d**4/12 + d**3/2 - d**2 + d. Let g(k) be the first derivative of z(k). What is the units digit of g(2)?
3
Let v(y) = y + 8. Suppose 4*d = 4*m + 44, 4*d - 3*m - 40 = -0*m. Let k = d + -14. What is the units digit of v(k)?
1
Let b = -1 + 3. Let n(f) = 4*f**2 - 3*f + b*f - 3*f**2 - 4 - 1. What is the units digit of n(4)?
7
Let q = 675 + -357. What is the units digit of q?
8
Suppose 0 = 5*j - 3*d - 851, -3*j - 2*d + 525 = d. What is the tens digit of j?
7
What is the units digit of ((-10)/30)/((-2)/384)?
4
Let f(c) = -2*c - 1. Let l(k) = k**3 + 9*k**2 - 9*k + 13. Let w be l(-10). Let m be (-2 - w)*(-3)/(-3). What is the units digit of f(m)?
9
What is the units digit of (-8)/(-12) + (-21)/(-9)?
3
Let k(t) = t**2 + 7*t + 9. Let i = -8 + 11. Suppose -p - 14 = 2*u - i, -2*p + 34 = -4*u. What is the units digit of k(u)?
9
Suppose -10 - 12 = -k. Suppose k = -0*i + i. Suppose 2 = 3*f - i. What is the units digit of f?
8
Let j(a) = -a**3 + 6*a**2 + 7*a + 8. Suppose 4*z = -35 - 13. Let t be (-4)/z - (-20)/3. What is the units digit of j(t)?
8
Suppose -2*c = -5*d - 150, 4*c = -d + 5*d + 324. What is the units digit of c?
5
Suppose -4*r + 3*r - 8 = -2*p, 4*p - 26 = -3*r. Suppose -r*w + 46 = -0*w. What is the tens digit of w?
2
Suppose 2*h + 3*a + 2*a - 44 = 0, 52 = 5*h - 2*a. Let z be ((-9)/h)/(2/24). Let t = -4 - z. What is the 